 the remainder when 25 is divided by v?
11
Suppose -2*t = -2*q - 1163 - 1733, -4*t - 5*q = -5747. Let w = t + 243. Calculate the remainder when w/26 - 6/(-39) is divided by 22.
21
Let d(x) = x**3 + 5*x**2 - 4*x + 14. Let c be d(-6). Suppose -z = -c*f - 37, 3*z - 48 = -4*f + 43. What is the remainder when z is divided by 14?
5
Suppose l - 7 = 2. Let r(h) = -h**3 + 7*h**2 - 6*h + 4. Let f be r(4). Let i = 44 - f. What is the remainder when i is divided by l?
7
Suppose 0 = 3*y + 4*x + 17 - 128, -x = 2*y - 79. What is the remainder when y is divided by 9?
5
Suppose 0 = 9*u - 67 - 41. Let y(s) = -3*s**2 + s - 1. Let r be y(1). What is the remainder when 2/r + (-71)/(-3) is divided by u?
11
Suppose 2*r + 75 = 5*r. Let y = 496 + -487. Calculate the remainder when r is divided by y.
7
Let r = -51 + 66. What is the remainder when 179 is divided by r?
14
Let q(c) = -c + 6. Let f be q(3). Suppose y = 1 - f, 0 = k + 3*y - 39. Calculate the remainder when k is divided by 16.
13
Let x(o) = o**2 - 6*o + 8. Calculate the remainder when (-1 - 0)/((-594)/583 - -1) is divided by x(6).
5
Suppose -3*x - 63 = -10*x. Let z = 144 + -138. What is the remainder when x is divided by z?
3
Let l(z) = -z**3 + 4*z**2 + 5*z + 1. Let x(t) = t**2 - 6*t - 3. What is the remainder when l(-4) is divided by x(-4)?
35
Suppose -3*i = -5*h + 1323, -2*i = -h + 3*i + 247. What is the remainder when h is divided by 9?
6
Let v = 25 - 12. Let z(r) = -2*r - 25. Calculate the remainder when v is divided by z(-16).
6
Suppose 4*f - 48 = -0*f. Let p = 6 + -4. Suppose 2*s + 113 = 5*k - s, -2*s = p. What is the remainder when k is divided by f?
10
Suppose -75 = -28*j + 3*j. Calculate the remainder when 13 is divided by j.
1
Suppose 0 = -l - 25 + 131. Calculate the remainder when l is divided by 54.
52
Suppose -58 = -4*i + 2*i. Suppose 19 = 2*u - i. Calculate the remainder when 70 is divided by u.
22
Let u = -114 - -118. What is the remainder when u is divided by 4?
0
Let p = -67 - -80. Calculate the remainder when 115 is divided by p.
11
Suppose g = m + 5, 3*m + 3*g = -10 - 17. Calculate the remainder when 65 is divided by m + 4/1 - -37.
31
Let z(l) = -l**2 + l + 44. Let o be z(-6). Let m(y) = -y**3 + 7*y**2 - 4*y - 2. What is the remainder when m(o) is divided by 2?
0
Let b(m) = 2*m - 1. Let k be b(-6). Let t = 12 + k. Let q(o) = -19*o - 1. Calculate the remainder when 70 is divided by q(t).
16
Suppose -4*x - 3*h + 52 = 0, 3*x - 44 = 20*h - 21*h. Let r(z) = -z**3 - 4*z**2 + 3*z + 1. Calculate the remainder when x is divided by r(-5).
5
Let i = 3 - -31. Suppose -4*n - 2*v + i = 0, -2*n + 2*v + 9 = -5. Calculate the remainder when 4*((-34)/(-4) - -1) is divided by n.
6
Let g be 40/30*3/6*3. Suppose 3*m - g*o = -0*o + 129, -2*m + 3*o = -81. Calculate the remainder when 132 is divided by m.
42
Suppose -192*w = -197*w + 180. Calculate the remainder when 503 is divided by w.
35
Let c(t) = t**3 + 4*t**2 - 8*t - 5. What is the remainder when 77 is divided by c(-5)?
7
Let f = -28 + 56. Let m = 56 - 0. What is the remainder when 0 + -2 + m - 0 is divided by f?
26
Let b(r) = 5*r - 34. Calculate the remainder when 29/3*(4 + -1) is divided by b(10).
13
Suppose 3*b + 3*o = 711, 4*b - 2*o + 111 = 1065. Calculate the remainder when b is divided by 75.
13
Let l = 226 + -225. Calculate the remainder when 12 is divided by l.
0
Let s = 494 + -431. Calculate the remainder when s is divided by 45.
18
Let h = 529 + -374. Let c = 110 - h. What is the remainder when 5 - c - (5 - 2) is divided by 12?
11
Let h = 30 + 42. Let p(c) = 2*c**3 + 7*c**2 + 6*c + 3. Let n be p(-4). Let a = h + n. Calculate the remainder when a is divided by 19.
16
Let g(f) = f**2 + 19*f - 28. Let l be g(-20). Let z(y) = 4*y**3 + 1. Let b be z(-1). Calculate the remainder when (-706)/l - b/(-12) is divided by 30.
28
Suppose -2*k + 16 = 5*y - 65, -4*k = 4*y - 60. Calculate the remainder when 55 is divided by y.
4
Suppose -4*f + 2*l = -52, 4*f + 1 = 3*l + 53. What is the remainder when -4 + (-72)/(-20) - (-452)/5 is divided by f?
12
Suppose 5*n - 191 - 54 = 0. Suppose -4*z - 1 = -n. Calculate the remainder when 58 is divided by z.
10
Let n = 3 - -2. Suppose -2*k = k - 9. Let l = -1 + k. Calculate the remainder when n is divided by l.
1
Let q(h) = -2*h**2 + 2*h + 7. Let f be q(-6). Let m = -44 - -154. Let r = m + f. What is the remainder when r is divided by 9?
6
Let t(r) = 34*r - 6. Let f be t(4). Suppose -2*d = -5*u + 135, 5*u - 3*d + 2*d = f. Calculate the remainder when 97 is divided by u.
22
Suppose 6 = 2*g - 3*o, 0*g + o - 8 = -g. Let p(q) = -q**3 + 5*q**2 + 7*q - 5. What is the remainder when 3 is divided by p(g)?
0
Suppose 4*y - y - 57 = 0. Let a = 16 - y. Let h(l) = -6*l - 7. Calculate the remainder when 19 is divided by h(a).
8
Suppose -2*t + 16*t - 84 = 0. Calculate the remainder when 136 is divided by t.
4
Let p(l) = -1202*l**3 + 14*l + 14. What is the remainder when p(-1) is divided by 86?
84
Suppose 0*u = 5*u + 4*r + 11, -5*u = -2*r - 13. Let p be (-14)/(-7)*u/(-1). What is the remainder when 32 is divided by ((-11)/(-2))/((-1)/p)?
10
Let w = -359 - -435. Let l(h) = -h**2 + 13. Calculate the remainder when w is divided by l(0).
11
Let n(r) = r**3 + 8*r**2 + 5*r - 5. Suppose s = y - 8, -y + 0*y = 2*s + 1. Suppose -y*v + 18 = -42. What is the remainder when n(-5) is divided by v?
9
Let g = -76 + 120. Let t = 56 - g. What is the remainder when 31 is divided by t?
7
Suppose 0 = 18*d - 1956 + 1488. What is the remainder when 72 is divided by d?
20
Let s(p) = p**2 - 4*p - 1. Let y = -397 + 411. What is the remainder when s(7) is divided by y?
6
Suppose 3*n + 63 = 10*n. Let p(a) = -a**2 + 3*a + 12. Calculate the remainder when n is divided by p(4).
1
Let b be (12/7)/((-8)/(-28)). Let m(j) = j**3 - 5*j**2 - 3*j - 14. Let g be m(b). Let h = g - -8. What is the remainder when 47 is divided by h?
11
Suppose -4*p - 2*z - 3*z + 73 = 0, -97 = -4*p + 3*z. Suppose 0 = 7*r - 3*r + 4*j - 96, -p = -r - 2*j. What is the remainder when 76 is divided by r?
24
Suppose -392*z - 13560 = -416*z. Calculate the remainder when z is divided by 26.
19
Let j(m) = 8*m**2 + 26*m - 6. Calculate the remainder when j(-5) is divided by 11.
9
Let y(i) = -i**3 - 7*i**2 - 6*i + 14. Suppose -5*k = -6*k - 6. Calculate the remainder when 22 is divided by y(k).
8
Let a = -60 + 290. Let q = a + -219. Calculate the remainder when (-318)/(-4)*2/3 is divided by q.
9
Suppose -3*w + 9 = -0*w. Suppose -5*m - 4*y + 0 - 12 = 0, 5*m + 3*y + 14 = 0. Calculate the remainder when 1 + 2 - (m + 2) is divided by w.
2
Calculate the remainder when 63 is divided by -8*(19/(-6) + (-7)/(-42)).
15
What is the remainder when 223 is divided by 142/9 + 316/1422?
15
What is the remainder when 95 + (3 - 2)/((-13)/52) is divided by 27?
10
Suppose -23*h = -h - 154. What is the remainder when 228 is divided by h?
4
Suppose -w - 3*d = -3, -3*d = 4*w + 15 - 72. Calculate the remainder when 83 is divided by w.
11
Let c(j) = -j + 0*j + j**2 - 4*j + 30 - 28. Suppose -3*n = 5*i - 77 - 28, -i + 23 = n. Calculate the remainder when c(-5) is divided by i.
16
Let t(b) = -b**2 + 13*b - 12. Let x be t(9). Suppose 46 = 5*k - x. Let d(c) = c**2 - 2*c + 2. What is the remainder when d(6) is divided by k?
12
Let z(i) = -9*i - 1. Let x be z(-4). Suppose -53 = -s + 5*m + x, 0 = -m + 4. Calculate the remainder when (-4)/18 - (-4776)/s is divided by 15.
14
Let z = 46 - 20. Let h(x) = x - 3. Let c be h(5). Suppose -5*y - c*u + 377 = 0, -y - 28 = 3*u - 106. What is the remainder when y is divided by z?
23
Suppose -5*c = 4*s - 22, 0 = 2*s + 4*c - 0 - 8. Let w be -1 + 2 - (-2 - -1). Calculate the remainder when 117/6*w/3 is divided by s.
5
Let p(n) = -2*n**2 - 6*n + 2. Let b be p(-7). Let u = 58 + b. Let z = 16 + -11. Calculate the remainder when z is divided by u.
1
Suppose -5*b = -10*b + 85. What is the remainder when 134 is divided by b?
15
Suppose 291 = 8*h - 357. Suppose -h + 21 = -4*x. Calculate the remainder when x is divided by 6.
3
Suppose -3*z - 23 = 3*k - 2*z, 0 = -3*k - 3*z - 21. Let y = -16 - k. Let p = y + 18. What is the remainder when 39 is divided by p?
9
Let r(o) = 61*o**3 + 4*o**2 - 8*o + 2. What is the remainder when r(3) is divided by 52?
49
Let x be (-3 + -7)*(-9)/(-15). Calculate the remainder when 85 is 